{"id":2249,"date":"2025-12-10T15:31:41","date_gmt":"2025-12-10T14:31:41","guid":{"rendered":"https:\/\/onderwijsregiohollandsnoorden.nl\/?post_type=verhalen_vlogs&#038;p=2249"},"modified":"2026-01-13T16:21:22","modified_gmt":"2026-01-13T15:21:22","slug":"gokhan-ozkan-driven-to-make-a-difference","status":"publish","type":"verhalen_vlogs","link":"https:\/\/onderwijsregiohollandsnoorden.nl\/en\/verhalen-vlogs\/gokhan-ozkan-gedreven-om-het-verschil-te-maken\/","title":{"rendered":"G\u00f6khan \u00d6zkan: driven to make a difference"},"content":{"rendered":"<p><strong>Eighteen years ago, G\u00f6khan \u00d6zkan himself was in the audience at an information evening for lateral entrants. The same kind of evening where he tells his story today as a teacher trainer\/teacher coach. <\/strong><strong>He was 24, had completed his commercial economics degree a few years earlier and had been working in an office for some time. A neat job, quite nice colleagues, but it wasn't it. \u2018It felt stifling,\u2019 he says. \u2018I was busy with my keyboard all day and didn't feel like I was contributing anything. You have conversations, you solve things, but you never make a difference. It had no meaning.\u2019<\/strong><\/p>\n\n\n\n<p>That dissatisfaction coincided with social changes in the Netherlands. \u2018The increasing polarisation, the murder of Theo van Gogh, discussions about integration, the harsh headlines. In the office, news from newspapers like the Telegraaf was shared all day long. I no longer wanted to stay in that bubble. I no longer wanted to be on the sidelines, but in the middle of society.\u2019<\/p>\n\n\n\n<p><strong>Vocation<br><\/strong>G\u00f6khan visited a job fair and got talking to someone from Compaen VMBO in Zaandam. \u2018Right after that job fair, I was allowed to join them for a day and was eager to. To do it myself. Shortly afterwards, everything fell into place. An economics teacher dropped out and G\u00f6khan volunteered to replace him. I got the chance to help these students get the knowledge they needed,\u2019 he says. I am still grateful for that.\u2018 G\u00f6khan stresses that his drive to enter teaching was not just about social changes. \u2019Yes, that certainly played a part, but for me it was mainly about making meaning. About making an impact. About feeling that you can change something in education. By the way we talk to students, what we expect from them, how we see them.\u2018<br><br><strong>In the deep<br><\/strong>His first day was unforgettable. \u2018I had to deal with students with certain problem areas and was thus forced to face the facts that starting from the positive is not always enough. In a class, there are often students from different socio-economic classes and not everyone shares the same norms and values. In other words, one adolescent is not like another, so you also have to differentiate in your pedagogical actions. That realisation has always helped me so far.\u2019<\/p>\n\n\n\n<p><strong>At the heart of society<br><\/strong>From day one, G\u00f6khan felt his choice of teaching was the right one. \u2018I knew immediately: this is something I can do, this suits me.\u2019 So G\u00f6khan stayed. Twelve-and-a-half years he worked at this largely school, becoming a mentor, supervising classes, organising school parties and camps, and even rigging Berlin trips for around a hundred students. \u2018Of course organising that kind of outing needs attention, but at the same time, isn't it great that I just get paid for it?\u2019 Over the years, G\u00f6khan gained increasing trust from colleagues. He experiences the fact that the head of department placed her own son in his mentor class as early as the second year as a huge compliment. \u2018That touched me so much. There is no greater compliment.\u2019 As a school trainer, he supervises beginning teachers himself. \u2018I begrudge everyone what I got. Supervisors who believe in you, let you make mistakes and take you through how things can be done differently. They were for me what I want to give every day: inspiration.\u2019<\/p>\n\n\n\n<p>\u2018I wouldn't want to work anywhere else but in education. When I hear people complaining on a birthday or on Sunday in a sports canteen that it is almost Monday again, I consider myself lucky. I have never felt like I had to work since 2008. I get a buck from my students every Monday morning, they compliment me when I wear new shoes, they share their experiences with me. Working with youth is priceless.\u2019<\/p>","protected":false},"excerpt":{"rendered":"<p>Achttien jaar geleden zat G\u00f6khan \u00d6zkan nog zelf in het publiek tijdens een informatieavond voor zij-instromers. Eenzelfde soort avond waar hij tegenwoordig als lerarenopleider\/docentcoach zijn verhaal doet. Hij was 24, had een paar jaar daarvoor zijn opleiding commerci\u00eble economie afgerond en werkte al enige tijd op kantoor. Een keurige baan, best fijne collega\u2019s, maar het<a class=\"excerpt-read-more\" href=\"https:\/\/onderwijsregiohollandsnoorden.nl\/en\/verhalen-vlogs\/gokhan-ozkan-gedreven-om-het-verschil-te-maken\/\" title=\"Lees meerG\u00f6khan \u00d6zkan: gedreven om het verschil te maken\">... Read more \u00bb<\/a><\/p>","protected":false},"author":2,"featured_media":2250,"menu_order":0,"template":"","categories":[8,9],"class_list":["post-2249","verhalen_vlogs","type-verhalen_vlogs","status-publish","has-post-thumbnail","hentry","category-homepage","category-orienteren-starten"],"acf":[],"_links":{"self":[{"href":"https:\/\/onderwijsregiohollandsnoorden.nl\/en\/wp-json\/wp\/v2\/verhalen_vlogs\/2249","targetHints":{"allow":["GET"]}}],"collection":[{"href":"https:\/\/onderwijsregiohollandsnoorden.nl\/en\/wp-json\/wp\/v2\/verhalen_vlogs"}],"about":[{"href":"https:\/\/onderwijsregiohollandsnoorden.nl\/en\/wp-json\/wp\/v2\/types\/verhalen_vlogs"}],"author":[{"embeddable":true,"href":"https:\/\/onderwijsregiohollandsnoorden.nl\/en\/wp-json\/wp\/v2\/users\/2"}],"version-history":[{"count":1,"href":"https:\/\/onderwijsregiohollandsnoorden.nl\/en\/wp-json\/wp\/v2\/verhalen_vlogs\/2249\/revisions"}],"predecessor-version":[{"id":2251,"href":"https:\/\/onderwijsregiohollandsnoorden.nl\/en\/wp-json\/wp\/v2\/verhalen_vlogs\/2249\/revisions\/2251"}],"wp:featuredmedia":[{"embeddable":true,"href":"https:\/\/onderwijsregiohollandsnoorden.nl\/en\/wp-json\/wp\/v2\/media\/2250"}],"wp:attachment":[{"href":"https:\/\/onderwijsregiohollandsnoorden.nl\/en\/wp-json\/wp\/v2\/media?parent=2249"}],"wp:term":[{"taxonomy":"category","embeddable":true,"href":"https:\/\/onderwijsregiohollandsnoorden.nl\/en\/wp-json\/wp\/v2\/categories?post=2249"}],"curies":[{"name":"wp","href":"https:\/\/api.w.org\/{rel}","templated":true}]}}

Gökhan Özkan: driven to make a difference

<p><strong>Eighteen years ago, Gökhan Özkan himself was in the audience at an information evening for lateral entrants. The same kind of evening where he tells his story today as a teacher trainer/teacher coach. </strong><strong>He was 24, had completed his commercial economics degree a few years earlier and had been working in an office for some time. A neat job, quite nice colleagues, but it wasn't it. ‘It felt stifling,’ he says. ‘I was busy with my keyboard all day and didn't feel like I was contributing anything. You have conversations, you solve things, but you never make a difference. It had no meaning.’</strong></p>



<p>That dissatisfaction coincided with social changes in the Netherlands. ‘The increasing polarisation, the murder of Theo van Gogh, discussions about integration, the harsh headlines. In the office, news from newspapers like the Telegraaf was shared all day long. I no longer wanted to stay in that bubble. I no longer wanted to be on the sidelines, but in the middle of society.’</p>



<p><strong>Vocation<br></strong>Gökhan visited a job fair and got talking to someone from Compaen VMBO in Zaandam. ‘Right after that job fair, I was allowed to join them for a day and was eager to. To do it myself. Shortly afterwards, everything fell into place. An economics teacher dropped out and Gökhan volunteered to replace him. I got the chance to help these students get the knowledge they needed,’ he says. I am still grateful for that.‘ Gökhan stresses that his drive to enter teaching was not just about social changes. ’Yes, that certainly played a part, but for me it was mainly about making meaning. About making an impact. About feeling that you can change something in education. By the way we talk to students, what we expect from them, how we see them.‘<br><br><strong>In the deep<br></strong>His first day was unforgettable. ‘I had to deal with students with certain problem areas and was thus forced to face the facts that starting from the positive is not always enough. In a class, there are often students from different socio-economic classes and not everyone shares the same norms and values. In other words, one adolescent is not like another, so you also have to differentiate in your pedagogical actions. That realisation has always helped me so far.’</p>



<p><strong>At the heart of society<br></strong>From day one, Gökhan felt his choice of teaching was the right one. ‘I knew immediately: this is something I can do, this suits me.’ So Gökhan stayed. Twelve-and-a-half years he worked at this largely school, becoming a mentor, supervising classes, organising school parties and camps, and even rigging Berlin trips for around a hundred students. ‘Of course organising that kind of outing needs attention, but at the same time, isn't it great that I just get paid for it?’ Over the years, Gökhan gained increasing trust from colleagues. He experiences the fact that the head of department placed her own son in his mentor class as early as the second year as a huge compliment. ‘That touched me so much. There is no greater compliment.’ As a school trainer, he supervises beginning teachers himself. ‘I begrudge everyone what I got. Supervisors who believe in you, let you make mistakes and take you through how things can be done differently. They were for me what I want to give every day: inspiration.’</p>



<p>‘I wouldn't want to work anywhere else but in education. When I hear people complaining on a birthday or on Sunday in a sports canteen that it is almost Monday again, I consider myself lucky. I have never felt like I had to work since 2008. I get a buck from my students every Monday morning, they compliment me when I wear new shoes, they share their experiences with me. Working with youth is priceless.’</p>

<p>Achttien jaar geleden zat Gökhan Özkan nog zelf in het publiek tijdens een informatieavond voor zij-instromers. Eenzelfde soort avond waar hij tegenwoordig als lerarenopleider/docentcoach zijn verhaal doet. Hij was 24, had een paar jaar daarvoor zijn opleiding commerciële economie afgerond en werkte al enige tijd op kantoor. Een keurige baan, best fijne collega’s, maar het<a class="excerpt-read-more" href="https://onderwijsregiohollandsnoorden.nl/en/verhalen-vlogs/gokhan-ozkan-gedreven-om-het-verschil-te-maken/" title="Lees meerGökhan Özkan: gedreven om het verschil te maken">... Read more »</a></p>
